{"id":55,"date":"2019-03-24T23:12:45","date_gmt":"2019-03-24T23:12:45","guid":{"rendered":"https:\/\/hajosanders.com\/?page_id=55"},"modified":"2019-04-02T17:30:45","modified_gmt":"2019-04-02T17:30:45","slug":"biologisch","status":"publish","type":"page","link":"https:\/\/hajosanders.com\/index.php\/de\/biologisch\/","title":{"rendered":"\u00dcber mich"},"content":{"rendered":"<p>Als Kind deutscher Eltern wurde ich in Amsterdam geboren und bin auf der Insel Langeoog aufgewachsen. Obwohl es in meiner Kindheit in der n\u00e4heren Umgebung keine Klaviere gab, hatte ich so lange ich denken kann den unerkl\u00e4rlichen Wunsch Klavier zu spielen. Wahrscheinlich war es der Fl\u00fcgel meiner Urgrossmutter, der einen starken Eindruck auf mich hinterlassen hatte und der mit Ihrem Tod aus meinem Leben verschwand als ich drei Jahre alt war. Mit zw\u00f6lf, nach einem Umweg \u00fcber die Heimorgel, \u00fcberraschten meine Eltern mich mit einem Klavier welches unter abenteurlichen Umst\u00e4nden auf die Insel gelangt war&#8230;<\/p>\n<p><img loading=\"lazy\" class=\" wp-image-453 alignleft\" src=\"https:\/\/hajosanders.com\/wp-content\/uploads\/2019\/04\/oude-piano-300x225.jpg\" alt=\"\" width=\"258\" height=\"193\" srcset=\"https:\/\/hajosanders.com\/wp-content\/uploads\/2019\/04\/oude-piano-300x225.jpg 300w, https:\/\/hajosanders.com\/wp-content\/uploads\/2019\/04\/oude-piano-768x576.jpg 768w, https:\/\/hajosanders.com\/wp-content\/uploads\/2019\/04\/oude-piano-1024x768.jpg 1024w, https:\/\/hajosanders.com\/wp-content\/uploads\/2019\/04\/oude-piano.jpg 2048w\" sizes=\"(max-width: 258px) 100vw, 258px\" \/>Nach dem Abitur verliess ich die Insel um in Amsterdam, Utrecht, Essen und Hilversum sowohl klassisches als auch Jazz-Klavier zu studieren.<\/p>\n<p>Nach dem Studium habe ich mich noch intensiv mit Synthesizern, Elektronik und Aufnahmetechnik besch\u00e4ftigt.<\/p>\n<p>2009 habe ich mein erstes Album \u2018Married Horses\u2019 ver\u00f6ffentlicht. (K\u00f6nnte eines der bestgeh\u00fcteten Geheimnisse der Musikgeschichte sein&#8230;) Viel Synthesizer und Elektronik (kein akustisches Klavier!) mit Einfl\u00fcssen von Weather Report, elektronischer Dance-Musik und einigen klassischen Sachen. Aber man kann es nicht wirklich mit etwas anderem vergleichen. H\u00f6ren Sie doch einfach mal rein. Das Album ist weiterhin auf Spotify zu finden.<\/p>\n<figure id=\"attachment_350\" aria-describedby=\"caption-attachment-350\" style=\"width: 428px\" class=\"wp-caption alignright\"><img loading=\"lazy\" class=\"wp-image-350\" src=\"https:\/\/hajosanders.com\/wp-content\/uploads\/2019\/03\/Studio-Gil-Kopie-1-1024x610.jpg\" alt=\"\" width=\"428\" height=\"255\" srcset=\"https:\/\/hajosanders.com\/wp-content\/uploads\/2019\/03\/Studio-Gil-Kopie-1-1024x610.jpg 1024w, https:\/\/hajosanders.com\/wp-content\/uploads\/2019\/03\/Studio-Gil-Kopie-1-300x179.jpg 300w, https:\/\/hajosanders.com\/wp-content\/uploads\/2019\/03\/Studio-Gil-Kopie-1-768x457.jpg 768w, https:\/\/hajosanders.com\/wp-content\/uploads\/2019\/03\/Studio-Gil-Kopie-1.jpg 2048w\" sizes=\"(max-width: 428px) 100vw, 428px\" \/><figcaption id=\"caption-attachment-350\" class=\"wp-caption-text\">foto Gil Lopez<\/figcaption><\/figure>\n<p>Immer auf der Suche habe ich mich nie auf einen Stil festlegen k\u00f6nnen. Meine stilistische Offenheit hat sich auch in meiner Arbeit als freelance Musiker durchgesetzt und dazu gef\u00fchrt dass es wenige Situationen gab die ich als Musiker nicht mitgemacht habe. Vom Popkonzert im Fussballstadion bis zum klassischen Liederabend in einer Kirche, \u00fcber Polonaise im Bierzelt bis zu freier Improvisation in einer Kunstgallerie und Jazz in der Kneipe war eigentllich alles dabei&#8230;<\/p>\n\n\n<p> <br><\/p>\n","protected":false},"excerpt":{"rendered":"<p>Als Kind deutscher Eltern wurde ich in Amsterdam geboren und bin auf der Insel Langeoog aufgewachsen. Obwohl es in meiner Kindheit in der n\u00e4heren Umgebung keine Klaviere gab, hatte ich so lange ich denken kann den unerkl\u00e4rlichen Wunsch Klavier zu spielen. Wahrscheinlich war es der Fl\u00fcgel meiner Urgrossmutter, der einen starken Eindruck auf mich hinterlassen &hellip; <\/p>\n<p class=\"link-more\"><a href=\"https:\/\/hajosanders.com\/index.php\/de\/biologisch\/\" class=\"more-link\">Continue reading<span class=\"screen-reader-text\"> &#8220;\u00dcber mich&#8221;<\/span><\/a><\/p>\n","protected":false},"author":1,"featured_media":349,"parent":0,"menu_order":0,"comment_status":"closed","ping_status":"closed","template":"","meta":{"_mi_skip_tracking":false},"_links":{"self":[{"href":"https:\/\/hajosanders.com\/index.php\/wp-json\/wp\/v2\/pages\/55"}],"collection":[{"href":"https:\/\/hajosanders.com\/index.php\/wp-json\/wp\/v2\/pages"}],"about":[{"href":"https:\/\/hajosanders.com\/index.php\/wp-json\/wp\/v2\/types\/page"}],"author":[{"embeddable":true,"href":"https:\/\/hajosanders.com\/index.php\/wp-json\/wp\/v2\/users\/1"}],"replies":[{"embeddable":true,"href":"https:\/\/hajosanders.com\/index.php\/wp-json\/wp\/v2\/comments?post=55"}],"version-history":[{"count":9,"href":"https:\/\/hajosanders.com\/index.php\/wp-json\/wp\/v2\/pages\/55\/revisions"}],"predecessor-version":[{"id":503,"href":"https:\/\/hajosanders.com\/index.php\/wp-json\/wp\/v2\/pages\/55\/revisions\/503"}],"wp:featuredmedia":[{"embeddable":true,"href":"https:\/\/hajosanders.com\/index.php\/wp-json\/wp\/v2\/media\/349"}],"wp:attachment":[{"href":"https:\/\/hajosanders.com\/index.php\/wp-json\/wp\/v2\/media?parent=55"}],"curies":[{"name":"wp","href":"https:\/\/api.w.org\/{rel}","templated":true}]}}